{"id":11111,"date":"2022-12-17T20:06:00","date_gmt":"2022-12-17T19:06:00","guid":{"rendered":"https:\/\/feuerwehr-vglambrecht.de\/cms\/?post_type=einsatz&#038;p=11111"},"modified":"2022-12-19T09:11:56","modified_gmt":"2022-12-19T08:11:56","slug":"brandmeldeanlage-b2-07-44","status":"publish","type":"einsatz","link":"https:\/\/feuerwehr-vglambrecht.de\/cms\/einsatzberichte\/brandmeldeanlage-b2-07-44\/","title":{"rendered":"Brandmeldeanlage (B2.07)"},"content":{"rendered":"<p>Die Feuerwehren Lindenberg und Lambrecht wurden am 17.12.2022 um 20:06 Uhr zu einer ausgel\u00f6sten Brandmeldeanlage in die Klostergartenstra\u00dfe in Lambrecht alarmiert.<!--more--><span id=\"more-10960\"><\/span><span id=\"more-10288\"><\/span><\/p>\n<p>Im betroffenen Objekt kam es zu einer Dampfentwicklung, weshalb die Brandmeldeanlage ausl\u00f6ste. Die Feuerwehr kontrollierte die \u00d6rtlichkeit, stellte die Brandmeldeanlage zur\u00fcck und \u00fcbergab diese dem Eigent\u00fcmer.<\/p>\n","protected":false},"author":17,"featured_media":9343,"template":"","meta":{"einsatz_weight":1,"footnotes":""},"categories":[71,74],"tags":[],"einsatzart":[8],"fahrzeug":[53,54,57],"exteinsatzmittel":[18,19,299],"alarmierungsart":[10],"evw_unit":[],"class_list":["post-11111","einsatz","type-einsatz","status-publish","has-post-thumbnail","hentry","category-fw_lambrecht","category-fw_lindenberg","einsatzart-bma","fahrzeug-lambrecht-33","fahrzeug-lambrecht-44","fahrzeug-lindenberg-47","exteinsatzmittel-fw_lam","exteinsatzmittel-fw_lin","exteinsatzmittel-fez-neustadt","alarmierungsart-dme-digitaler-meldeempfaenger"],"better_featured_image":{"id":9343,"alt_text":"","caption":"","description":"","media_type":"image","media_details":{"width":800,"height":600,"file":"2021\/02\/BMA.jpg","filesize":115244,"sizes":{"medium_large":{"file":"BMA-768x576.jpg","width":768,"height":576,"mime-type":"image\/jpeg","filesize":99209,"source_url":"https:\/\/feuerwehr-vglambrecht.de\/cms\/wp-content\/uploads\/2021\/02\/BMA-768x576.jpg"},"wptouch-new-thumbnail":{"file":"BMA-144x144.jpg","width":144,"height":144,"mime-type":"image\/jpeg","filesize":6754,"source_url":"https:\/\/feuerwehr-vglambrecht.de\/cms\/wp-content\/uploads\/2021\/02\/BMA-144x144.jpg"},"landing_image":{"file":"BMA-800x460.jpg","width":800,"height":460,"mime-type":"image\/jpeg","filesize":84846,"source_url":"https:\/\/feuerwehr-vglambrecht.de\/cms\/wp-content\/uploads\/2021\/02\/BMA-800x460.jpg"},"thumbnail":{"file":"BMA-150x150.jpg","width":150,"height":150,"source_url":"https:\/\/feuerwehr-vglambrecht.de\/cms\/wp-content\/uploads\/2021\/02\/BMA-150x150.jpg"},"medium":{"file":"BMA-300x225.jpg","width":300,"height":225,"source_url":"https:\/\/feuerwehr-vglambrecht.de\/cms\/wp-content\/uploads\/2021\/02\/BMA-300x225.jpg"}},"image_meta":{"aperture":"0","credit":"","camera":"","caption":"","created_timestamp":"0","copyright":"","focal_length":"0","iso":"0","shutter_speed":"0","title":"","orientation":"0","keywords":[]},"image-converter":{"thumbnail":"IME","medium":"IME"}},"post":9342,"source_url":"https:\/\/feuerwehr-vglambrecht.de\/cms\/wp-content\/uploads\/2021\/02\/BMA.jpg"},"einsatz_ort":"Klostergartenstra\u00dfe, Lambrecht","einsatz_ende":"2022-12-17 20:26","einsatz_beginn":"","_links":{"self":[{"href":"https:\/\/feuerwehr-vglambrecht.de\/cms\/wp-json\/wp\/v2\/einsatz\/11111","targetHints":{"allow":["GET"]}}],"collection":[{"href":"https:\/\/feuerwehr-vglambrecht.de\/cms\/wp-json\/wp\/v2\/einsatz"}],"about":[{"href":"https:\/\/feuerwehr-vglambrecht.de\/cms\/wp-json\/wp\/v2\/types\/einsatz"}],"author":[{"embeddable":true,"href":"https:\/\/feuerwehr-vglambrecht.de\/cms\/wp-json\/wp\/v2\/users\/17"}],"version-history":[{"count":1,"href":"https:\/\/feuerwehr-vglambrecht.de\/cms\/wp-json\/wp\/v2\/einsatz\/11111\/revisions"}],"predecessor-version":[{"id":11112,"href":"https:\/\/feuerwehr-vglambrecht.de\/cms\/wp-json\/wp\/v2\/einsatz\/11111\/revisions\/11112"}],"wp:featuredmedia":[{"embeddable":true,"href":"https:\/\/feuerwehr-vglambrecht.de\/cms\/wp-json\/wp\/v2\/media\/9343"}],"wp:attachment":[{"href":"https:\/\/feuerwehr-vglambrecht.de\/cms\/wp-json\/wp\/v2\/media?parent=11111"}],"wp:term":[{"taxonomy":"category","embeddable":true,"href":"https:\/\/feuerwehr-vglambrecht.de\/cms\/wp-json\/wp\/v2\/categories?post=11111"},{"taxonomy":"post_tag","embeddable":true,"href":"https:\/\/feuerwehr-vglambrecht.de\/cms\/wp-json\/wp\/v2\/tags?post=11111"},{"taxonomy":"einsatzart","embeddable":true,"href":"https:\/\/feuerwehr-vglambrecht.de\/cms\/wp-json\/wp\/v2\/einsatzart?post=11111"},{"taxonomy":"fahrzeug","embeddable":true,"href":"https:\/\/feuerwehr-vglambrecht.de\/cms\/wp-json\/wp\/v2\/fahrzeug?post=11111"},{"taxonomy":"exteinsatzmittel","embeddable":true,"href":"https:\/\/feuerwehr-vglambrecht.de\/cms\/wp-json\/wp\/v2\/exteinsatzmittel?post=11111"},{"taxonomy":"alarmierungsart","embeddable":true,"href":"https:\/\/feuerwehr-vglambrecht.de\/cms\/wp-json\/wp\/v2\/alarmierungsart?post=11111"},{"taxonomy":"evw_unit","embeddable":true,"href":"https:\/\/feuerwehr-vglambrecht.de\/cms\/wp-json\/wp\/v2\/evw_unit?post=11111"}],"curies":[{"name":"wp","href":"https:\/\/api.w.org\/{rel}","templated":true}]}}

<p>Die Feuerwehren Lindenberg und Lambrecht wurden am 17.12.2022 um 20:06 Uhr zu einer ausgelösten Brandmeldeanlage in die Klostergartenstraße in Lambrecht alarmiert.<!--more--><span id="more-10960"></span><span id="more-10288"></span></p>
<p>Im betroffenen Objekt kam es zu einer Dampfentwicklung, weshalb die Brandmeldeanlage auslöste. Die Feuerwehr kontrollierte die Örtlichkeit, stellte die Brandmeldeanlage zurück und übergab diese dem Eigentümer.</p>

Klostergartenstraße, Lambrecht
