{"id":10977,"date":"2022-11-11T17:15:00","date_gmt":"2022-11-11T16:15:00","guid":{"rendered":"https:\/\/feuerwehr-vglambrecht.de\/cms\/?post_type=einsatz&#038;p=10977"},"modified":"2022-11-14T17:02:24","modified_gmt":"2022-11-14T16:02:24","slug":"h1-0-sicherung-verkehrsraum","status":"publish","type":"einsatz","link":"https:\/\/feuerwehr-vglambrecht.de\/cms\/einsatzberichte\/h1-0-sicherung-verkehrsraum\/","title":{"rendered":"Sicherung Verkehrsraum (H1.0)"},"content":{"rendered":"<p>Die Feuerwehr Esthal wurde aufgrund einer \u00f6ffentlichen Veranstaltung zur Einleitung von Sicherungsma\u00dfnahmen angefordert. W\u00e4hrend der Veranstaltung wurden die betroffenen Verkehrsfl\u00e4chen gegen den flie\u00dfenden Verkehr gesichert.<\/p>\n","protected":false},"author":3,"featured_media":9253,"template":"","meta":{"einsatz_weight":1,"footnotes":""},"categories":[],"tags":[138,383,373],"einsatzart":[33],"fahrzeug":[350,307],"exteinsatzmittel":[12],"alarmierungsart":[65],"evw_unit":[],"class_list":["post-10977","einsatz","type-einsatz","status-publish","has-post-thumbnail","hentry","tag-esthal","tag-feuerwehrvglambrecht","tag-immerda","einsatzart-th","fahrzeug-esthal-19-2","fahrzeug-307","exteinsatzmittel-fw_est","alarmierungsart-telefon"],"better_featured_image":{"id":9253,"alt_text":"","caption":"","description":"","media_type":"image","media_details":{"width":1620,"height":1080,"file":"2016\/10\/2421.jpg","filesize":2596997,"sizes":{"medium_large":{"file":"2421-768x512.jpg","width":768,"height":512,"mime-type":"image\/jpeg","filesize":106498,"source_url":"https:\/\/feuerwehr-vglambrecht.de\/cms\/wp-content\/uploads\/2016\/10\/2421-768x512.jpg"},"1536x1536":{"file":"2421-1536x1024.jpg","width":1536,"height":1024,"mime-type":"image\/jpeg","filesize":374199,"source_url":"https:\/\/feuerwehr-vglambrecht.de\/cms\/wp-content\/uploads\/2016\/10\/2421-1536x1024.jpg"},"wptouch-new-thumbnail":{"file":"2421-144x144.jpg","width":144,"height":144,"mime-type":"image\/jpeg","filesize":12034,"source_url":"https:\/\/feuerwehr-vglambrecht.de\/cms\/wp-content\/uploads\/2016\/10\/2421-144x144.jpg"},"landing_image":{"file":"2421-1024x460.jpg","width":1024,"height":460,"mime-type":"image\/jpeg","filesize":124204,"source_url":"https:\/\/feuerwehr-vglambrecht.de\/cms\/wp-content\/uploads\/2016\/10\/2421-1024x460.jpg"},"foundation-featured-image":{"file":"2421-900x600.jpg","width":900,"height":600,"mime-type":"image\/jpeg","filesize":142102,"source_url":"https:\/\/feuerwehr-vglambrecht.de\/cms\/wp-content\/uploads\/2016\/10\/2421-900x600.jpg"},"thumbnail":{"file":"2421-150x150.jpg","width":150,"height":150,"source_url":"https:\/\/feuerwehr-vglambrecht.de\/cms\/wp-content\/uploads\/2016\/10\/2421-150x150.jpg"},"medium":{"file":"2421-300x200.jpg","width":300,"height":200,"source_url":"https:\/\/feuerwehr-vglambrecht.de\/cms\/wp-content\/uploads\/2016\/10\/2421-300x200.jpg"},"large":{"file":"2421-1024x683.jpg","width":1024,"height":683,"source_url":"https:\/\/feuerwehr-vglambrecht.de\/cms\/wp-content\/uploads\/2016\/10\/2421-1024x683.jpg"}},"image_meta":{"aperture":"5.6","credit":"","camera":"Canon EOS 2000D","caption":"","created_timestamp":"1582970201","copyright":"","focal_length":"23","iso":"100","shutter_speed":"0.005","title":"","orientation":"1","keywords":[]},"image-converter":{"thumbnail":"IME","medium":"IME","large":"IME"}},"post":4765,"source_url":"https:\/\/feuerwehr-vglambrecht.de\/cms\/wp-content\/uploads\/2016\/10\/2421.jpg"},"einsatz_ort":"Ortsgemeinde Esthal: Hauptstra\u00dfe, Klosterstra\u00dfe","einsatz_ende":"2022-11-11 18:30","einsatz_beginn":"","_links":{"self":[{"href":"https:\/\/feuerwehr-vglambrecht.de\/cms\/wp-json\/wp\/v2\/einsatz\/10977","targetHints":{"allow":["GET"]}}],"collection":[{"href":"https:\/\/feuerwehr-vglambrecht.de\/cms\/wp-json\/wp\/v2\/einsatz"}],"about":[{"href":"https:\/\/feuerwehr-vglambrecht.de\/cms\/wp-json\/wp\/v2\/types\/einsatz"}],"author":[{"embeddable":true,"href":"https:\/\/feuerwehr-vglambrecht.de\/cms\/wp-json\/wp\/v2\/users\/3"}],"version-history":[{"count":2,"href":"https:\/\/feuerwehr-vglambrecht.de\/cms\/wp-json\/wp\/v2\/einsatz\/10977\/revisions"}],"predecessor-version":[{"id":11009,"href":"https:\/\/feuerwehr-vglambrecht.de\/cms\/wp-json\/wp\/v2\/einsatz\/10977\/revisions\/11009"}],"wp:featuredmedia":[{"embeddable":true,"href":"https:\/\/feuerwehr-vglambrecht.de\/cms\/wp-json\/wp\/v2\/media\/9253"}],"wp:attachment":[{"href":"https:\/\/feuerwehr-vglambrecht.de\/cms\/wp-json\/wp\/v2\/media?parent=10977"}],"wp:term":[{"taxonomy":"category","embeddable":true,"href":"https:\/\/feuerwehr-vglambrecht.de\/cms\/wp-json\/wp\/v2\/categories?post=10977"},{"taxonomy":"post_tag","embeddable":true,"href":"https:\/\/feuerwehr-vglambrecht.de\/cms\/wp-json\/wp\/v2\/tags?post=10977"},{"taxonomy":"einsatzart","embeddable":true,"href":"https:\/\/feuerwehr-vglambrecht.de\/cms\/wp-json\/wp\/v2\/einsatzart?post=10977"},{"taxonomy":"fahrzeug","embeddable":true,"href":"https:\/\/feuerwehr-vglambrecht.de\/cms\/wp-json\/wp\/v2\/fahrzeug?post=10977"},{"taxonomy":"exteinsatzmittel","embeddable":true,"href":"https:\/\/feuerwehr-vglambrecht.de\/cms\/wp-json\/wp\/v2\/exteinsatzmittel?post=10977"},{"taxonomy":"alarmierungsart","embeddable":true,"href":"https:\/\/feuerwehr-vglambrecht.de\/cms\/wp-json\/wp\/v2\/alarmierungsart?post=10977"},{"taxonomy":"evw_unit","embeddable":true,"href":"https:\/\/feuerwehr-vglambrecht.de\/cms\/wp-json\/wp\/v2\/evw_unit?post=10977"}],"curies":[{"name":"wp","href":"https:\/\/api.w.org\/{rel}","templated":true}]}}

<p>Die Feuerwehr Esthal wurde aufgrund einer öffentlichen Veranstaltung zur Einleitung von Sicherungsmaßnahmen angefordert. Während der Veranstaltung wurden die betroffenen Verkehrsflächen gegen den fließenden Verkehr gesichert.</p>

Ortsgemeinde Esthal: Hauptstraße, Klosterstraße
