{"id":10960,"date":"2022-10-28T13:47:00","date_gmt":"2022-10-28T11:47:00","guid":{"rendered":"https:\/\/feuerwehr-vglambrecht.de\/cms\/?post_type=einsatz&#038;p=10960"},"modified":"2022-11-04T08:33:11","modified_gmt":"2022-11-04T07:33:11","slug":"brandmeldeanlage-b2-07-41","status":"publish","type":"einsatz","link":"https:\/\/feuerwehr-vglambrecht.de\/cms\/einsatzberichte\/brandmeldeanlage-b2-07-41\/","title":{"rendered":"Brandmeldeanlage (B2.07)"},"content":{"rendered":"<p>Die Feuerwehren Neidenfels und Weidenthal wurden am 28.10.2022 um 13:47 Uhr zu einer ausgel\u00f6sten Brandmeldeanlage in die Staatsstra\u00dfe in Neidenfels alarmiert.<!--more--><span id=\"more-10288\"><\/span><\/p>\n<p>Im betroffenen Objekt kam es zu einer Wasserdampfentwicklung, weshalb die Brandmeldeanlage ausl\u00f6ste. Die Feuerwehr kontrollierte die \u00d6rtlichkeit, stellte die Brandmeldeanlage zur\u00fcck und \u00fcbergab diese dem Eigent\u00fcmer.<\/p>\n","protected":false},"author":17,"featured_media":0,"template":"","meta":{"einsatz_weight":1,"footnotes":""},"categories":[],"tags":[],"einsatzart":[],"fahrzeug":[62],"exteinsatzmittel":[68,21],"alarmierungsart":[10],"evw_unit":[],"class_list":["post-10960","einsatz","type-einsatz","status-publish","hentry","fahrzeug-weidenthal-42","exteinsatzmittel-fw_nei","exteinsatzmittel-fw_wei","alarmierungsart-dme-digitaler-meldeempfaenger"],"better_featured_image":null,"einsatz_ort":"Neidenfels","einsatz_ende":"2022-10-28 14:02","einsatz_beginn":"","_links":{"self":[{"href":"https:\/\/feuerwehr-vglambrecht.de\/cms\/wp-json\/wp\/v2\/einsatz\/10960","targetHints":{"allow":["GET"]}}],"collection":[{"href":"https:\/\/feuerwehr-vglambrecht.de\/cms\/wp-json\/wp\/v2\/einsatz"}],"about":[{"href":"https:\/\/feuerwehr-vglambrecht.de\/cms\/wp-json\/wp\/v2\/types\/einsatz"}],"author":[{"embeddable":true,"href":"https:\/\/feuerwehr-vglambrecht.de\/cms\/wp-json\/wp\/v2\/users\/17"}],"version-history":[{"count":1,"href":"https:\/\/feuerwehr-vglambrecht.de\/cms\/wp-json\/wp\/v2\/einsatz\/10960\/revisions"}],"predecessor-version":[{"id":10961,"href":"https:\/\/feuerwehr-vglambrecht.de\/cms\/wp-json\/wp\/v2\/einsatz\/10960\/revisions\/10961"}],"wp:attachment":[{"href":"https:\/\/feuerwehr-vglambrecht.de\/cms\/wp-json\/wp\/v2\/media?parent=10960"}],"wp:term":[{"taxonomy":"category","embeddable":true,"href":"https:\/\/feuerwehr-vglambrecht.de\/cms\/wp-json\/wp\/v2\/categories?post=10960"},{"taxonomy":"post_tag","embeddable":true,"href":"https:\/\/feuerwehr-vglambrecht.de\/cms\/wp-json\/wp\/v2\/tags?post=10960"},{"taxonomy":"einsatzart","embeddable":true,"href":"https:\/\/feuerwehr-vglambrecht.de\/cms\/wp-json\/wp\/v2\/einsatzart?post=10960"},{"taxonomy":"fahrzeug","embeddable":true,"href":"https:\/\/feuerwehr-vglambrecht.de\/cms\/wp-json\/wp\/v2\/fahrzeug?post=10960"},{"taxonomy":"exteinsatzmittel","embeddable":true,"href":"https:\/\/feuerwehr-vglambrecht.de\/cms\/wp-json\/wp\/v2\/exteinsatzmittel?post=10960"},{"taxonomy":"alarmierungsart","embeddable":true,"href":"https:\/\/feuerwehr-vglambrecht.de\/cms\/wp-json\/wp\/v2\/alarmierungsart?post=10960"},{"taxonomy":"evw_unit","embeddable":true,"href":"https:\/\/feuerwehr-vglambrecht.de\/cms\/wp-json\/wp\/v2\/evw_unit?post=10960"}],"curies":[{"name":"wp","href":"https:\/\/api.w.org\/{rel}","templated":true}]}}

<p>Die Feuerwehren Neidenfels und Weidenthal wurden am 28.10.2022 um 13:47 Uhr zu einer ausgelösten Brandmeldeanlage in die Staatsstraße in Neidenfels alarmiert.<!--more--><span id="more-10288"></span></p>
<p>Im betroffenen Objekt kam es zu einer Wasserdampfentwicklung, weshalb die Brandmeldeanlage auslöste. Die Feuerwehr kontrollierte die Örtlichkeit, stellte die Brandmeldeanlage zurück und übergab diese dem Eigentümer.</p>
