{"id":10812,"date":"2022-08-29T20:53:00","date_gmt":"2022-08-29T18:53:00","guid":{"rendered":"https:\/\/feuerwehr-vglambrecht.de\/cms\/?post_type=einsatz&#038;p=10812"},"modified":"2022-08-31T11:02:21","modified_gmt":"2022-08-31T09:02:21","slug":"brandnachschau-b1-04-14","status":"publish","type":"einsatz","link":"https:\/\/feuerwehr-vglambrecht.de\/cms\/einsatzberichte\/brandnachschau-b1-04-14\/","title":{"rendered":"Brandnachschau (B1.04)"},"content":{"rendered":"<p>Zu einer Brandnachschau wurden die Einheiten Esthal und Frankeneck am Montagabend gegen 20:53 Uhr alarmiert. Im Waldgebiet nahe der Festhalle Esthal wurde durch Spazierg\u00e4nger ein gr\u00f6\u00dferes Lagerfeuer wahrgenommen. Beim Eintreffen der erste Einsatzkr\u00e4fte konnte als &#8222;Lage auf Sicht&#8220; ein flackernder Lichtschein, \u00e4hnlich einem Feuer, an die Leitstelle gemeldet werden. Nach Erkundung durch den Einsatzleiter konnte dann schnell Entwarnung gegeben werden. Es handelte sich nicht um ein Schadenfeuer, sondern vielmehr um ein LED Licht mit Flackerfunktion, welches Camper im Wald beim Zelten nutzten. Die Camper wurden durch den ebenfalls verst\u00e4ndigten Waldp\u00e4chter belehrt, dass ein Wildcampen grundlegend nicht gestetattet ist. Dennoch durfte Gruppe ihr Campingerlebnis ohne ein echtes Feuer fortsetzen.<\/p>\n<p>Die Feuerwehr weisst in diesem Fall noch einmal draufhin, dass das Handeln der Spazierg\u00e4nger v\u00f6llig korrekt war. Sollten Sie ein vermeintliches Schadenfeuer im Wald wahrnehmen, so melden Sie das Ereignis bitte ungehend an den Notruf 112.<\/p>\n<p>&nbsp;<\/p>\n","protected":false},"author":17,"featured_media":10235,"template":"","meta":{"einsatz_weight":1,"footnotes":""},"categories":[],"tags":[490,138,243,141,398],"einsatzart":[7],"fahrzeug":[350,307,44,45],"exteinsatzmittel":[12,13,299,30],"alarmierungsart":[10],"evw_unit":[],"class_list":["post-10812","einsatz","type-einsatz","status-publish","has-post-thumbnail","hentry","tag-campen","tag-esthal","tag-feuerwehr-vg-lambrecht","tag-frankeneck","tag-wirfuereuch","einsatzart-brand","fahrzeug-esthal-19-2","fahrzeug-307","fahrzeug-frankeneck-40","fahrzeug-frankeneck-73","exteinsatzmittel-fw_est","exteinsatzmittel-fw_fra","exteinsatzmittel-fez-neustadt","exteinsatzmittel-pol","alarmierungsart-dme-digitaler-meldeempfaenger"],"better_featured_image":{"id":10235,"alt_text":"","caption":"","description":"","media_type":"image","media_details":{"width":346,"height":346,"file":"2022\/02\/2170_4538_1_m.jpg","filesize":81156,"sizes":{"wptouch-new-thumbnail":{"file":"2170_4538_1_m-144x144.jpg","width":144,"height":144,"mime-type":"image\/jpeg","filesize":25040,"source_url":"https:\/\/feuerwehr-vglambrecht.de\/cms\/wp-content\/uploads\/2022\/02\/2170_4538_1_m-144x144.jpg"},"thumbnail":{"file":"2170_4538_1_m-150x150.jpg","width":150,"height":150,"source_url":"https:\/\/feuerwehr-vglambrecht.de\/cms\/wp-content\/uploads\/2022\/02\/2170_4538_1_m-150x150.jpg"},"medium":{"file":"2170_4538_1_m-300x300.jpg","width":300,"height":300,"source_url":"https:\/\/feuerwehr-vglambrecht.de\/cms\/wp-content\/uploads\/2022\/02\/2170_4538_1_m-300x300.jpg"}},"image_meta":{"aperture":"0","credit":"winterbilder - stock.adobe.com","camera":"","caption":"","created_timestamp":"1486798391","copyright":"\u00a9winterbilder - stock.adobe.com","focal_length":"0","iso":"0","shutter_speed":"0","title":"Notruf Stempel","orientation":"1","keywords":["notruf","stempel","logo","zeichen","symbol","polizei","112","110","telefon","telefonh\u00f6rer","not","internationaler","international","notdienst","europ\u00e4ischer","emblem","schild","retten","rettung","lebensrettung","notarzt","sanit\u00e4ter","notfall","notfallsanit\u00e4ter","hilfe","feuerwehr","blaulicht","unfall","ungl\u00fcck","feuer","einbruch","polizist","feuerwehrmann","l\u00f6schzug","verkehrsunfall","notrufnummer","anrufen","sos","brand","krankenwagen","rettungswagen","polizeiauto","rettungsdienste","lebensretter","helfen","erste","notfallretter","notfallrettung","deutsche","deutschland"]},"image-converter":{"thumbnail":"IME","medium":"IME"}},"post":10234,"source_url":"https:\/\/feuerwehr-vglambrecht.de\/cms\/wp-content\/uploads\/2022\/02\/2170_4538_1_m.jpg"},"einsatz_ort":"Esthal","einsatz_ende":"2022-08-29 21:17","einsatz_beginn":"","_links":{"self":[{"href":"https:\/\/feuerwehr-vglambrecht.de\/cms\/wp-json\/wp\/v2\/einsatz\/10812","targetHints":{"allow":["GET"]}}],"collection":[{"href":"https:\/\/feuerwehr-vglambrecht.de\/cms\/wp-json\/wp\/v2\/einsatz"}],"about":[{"href":"https:\/\/feuerwehr-vglambrecht.de\/cms\/wp-json\/wp\/v2\/types\/einsatz"}],"author":[{"embeddable":true,"href":"https:\/\/feuerwehr-vglambrecht.de\/cms\/wp-json\/wp\/v2\/users\/17"}],"version-history":[{"count":1,"href":"https:\/\/feuerwehr-vglambrecht.de\/cms\/wp-json\/wp\/v2\/einsatz\/10812\/revisions"}],"predecessor-version":[{"id":10813,"href":"https:\/\/feuerwehr-vglambrecht.de\/cms\/wp-json\/wp\/v2\/einsatz\/10812\/revisions\/10813"}],"wp:featuredmedia":[{"embeddable":true,"href":"https:\/\/feuerwehr-vglambrecht.de\/cms\/wp-json\/wp\/v2\/media\/10235"}],"wp:attachment":[{"href":"https:\/\/feuerwehr-vglambrecht.de\/cms\/wp-json\/wp\/v2\/media?parent=10812"}],"wp:term":[{"taxonomy":"category","embeddable":true,"href":"https:\/\/feuerwehr-vglambrecht.de\/cms\/wp-json\/wp\/v2\/categories?post=10812"},{"taxonomy":"post_tag","embeddable":true,"href":"https:\/\/feuerwehr-vglambrecht.de\/cms\/wp-json\/wp\/v2\/tags?post=10812"},{"taxonomy":"einsatzart","embeddable":true,"href":"https:\/\/feuerwehr-vglambrecht.de\/cms\/wp-json\/wp\/v2\/einsatzart?post=10812"},{"taxonomy":"fahrzeug","embeddable":true,"href":"https:\/\/feuerwehr-vglambrecht.de\/cms\/wp-json\/wp\/v2\/fahrzeug?post=10812"},{"taxonomy":"exteinsatzmittel","embeddable":true,"href":"https:\/\/feuerwehr-vglambrecht.de\/cms\/wp-json\/wp\/v2\/exteinsatzmittel?post=10812"},{"taxonomy":"alarmierungsart","embeddable":true,"href":"https:\/\/feuerwehr-vglambrecht.de\/cms\/wp-json\/wp\/v2\/alarmierungsart?post=10812"},{"taxonomy":"evw_unit","embeddable":true,"href":"https:\/\/feuerwehr-vglambrecht.de\/cms\/wp-json\/wp\/v2\/evw_unit?post=10812"}],"curies":[{"name":"wp","href":"https:\/\/api.w.org\/{rel}","templated":true}]}}

<p>Zu einer Brandnachschau wurden die Einheiten Esthal und Frankeneck am Montagabend gegen 20:53 Uhr alarmiert. Im Waldgebiet nahe der Festhalle Esthal wurde durch Spaziergänger ein größeres Lagerfeuer wahrgenommen. Beim Eintreffen der erste Einsatzkräfte konnte als &#8222;Lage auf Sicht&#8220; ein flackernder Lichtschein, ähnlich einem Feuer, an die Leitstelle gemeldet werden. Nach Erkundung durch den Einsatzleiter konnte dann schnell Entwarnung gegeben werden. Es handelte sich nicht um ein Schadenfeuer, sondern vielmehr um ein LED Licht mit Flackerfunktion, welches Camper im Wald beim Zelten nutzten. Die Camper wurden durch den ebenfalls verständigten Waldpächter belehrt, dass ein Wildcampen grundlegend nicht gestetattet ist. Dennoch durfte Gruppe ihr Campingerlebnis ohne ein echtes Feuer fortsetzen.</p>
<p>Die Feuerwehr weisst in diesem Fall noch einmal draufhin, dass das Handeln der Spaziergänger völlig korrekt war. Sollten Sie ein vermeintliches Schadenfeuer im Wald wahrnehmen, so melden Sie das Ereignis bitte ungehend an den Notruf 112.</p>
<p>&nbsp;</p>

telefonhörer

europäischer

sanitäter

notfallsanitäter

unglück

löschzug
