{"id":10747,"date":"2022-08-07T11:59:00","date_gmt":"2022-08-07T09:59:00","guid":{"rendered":"https:\/\/feuerwehr-vglambrecht.de\/cms\/?post_type=einsatz&#038;p=10747"},"modified":"2022-08-07T20:14:08","modified_gmt":"2022-08-07T18:14:08","slug":"einfache-hilfeleistung-baum-auf-fahrbahn-h1-07-3","status":"publish","type":"einsatz","link":"https:\/\/feuerwehr-vglambrecht.de\/cms\/einsatzberichte\/einfache-hilfeleistung-baum-auf-fahrbahn-h1-07-3\/","title":{"rendered":"Einfache Hilfeleistung &#8211; Baum auf Fahrbahn (H1.07)"},"content":{"rendered":"<p>Die Feuerwehr des Ausr\u00fcckebereichs West der VG Lambrecht (FW Esthal, FW Frankeneck) wurde zu einer einfachen Hilfeleistung auf die K23 alarmiert. Gemeldet war ein Verkehrshindernis aus gro\u00dfen Baumteilen (&gt;10 cm Durchmesser) auf der Kreisstra\u00dfe 23 zwischen Esthal und Esthal-Sattelm\u00fchle. Das Hindernis wurde entfernt sowie die Fahrbahn gereinigt. W\u00e4hrend der Arbeiten war die Strecke kurzzeitig voll gesperrt.<\/p>\n","protected":false},"author":3,"featured_media":9254,"template":"","meta":{"einsatz_weight":1,"footnotes":""},"categories":[],"tags":[138,243,141,373,190],"einsatzart":[33],"fahrzeug":[350,307,44,45],"exteinsatzmittel":[12,13,30],"alarmierungsart":[10],"evw_unit":[],"class_list":["post-10747","einsatz","type-einsatz","status-publish","has-post-thumbnail","hentry","tag-esthal","tag-feuerwehr-vg-lambrecht","tag-frankeneck","tag-immerda","tag-technische-hilfe","einsatzart-th","fahrzeug-esthal-19-2","fahrzeug-307","fahrzeug-frankeneck-40","fahrzeug-frankeneck-73","exteinsatzmittel-fw_est","exteinsatzmittel-fw_fra","exteinsatzmittel-pol","alarmierungsart-dme-digitaler-meldeempfaenger"],"better_featured_image":{"id":9254,"alt_text":"","caption":"","description":"","media_type":"image","media_details":{"width":1620,"height":1080,"file":"2018\/08\/2191.jpg","filesize":2723659,"sizes":{"medium_large":{"file":"2191-768x512.jpg","width":768,"height":512,"mime-type":"image\/jpeg","filesize":107190,"source_url":"https:\/\/feuerwehr-vglambrecht.de\/cms\/wp-content\/uploads\/2018\/08\/2191-768x512.jpg"},"1536x1536":{"file":"2191-1536x1024.jpg","width":1536,"height":1024,"mime-type":"image\/jpeg","filesize":386296,"source_url":"https:\/\/feuerwehr-vglambrecht.de\/cms\/wp-content\/uploads\/2018\/08\/2191-1536x1024.jpg"},"wptouch-new-thumbnail":{"file":"2191-144x144.jpg","width":144,"height":144,"mime-type":"image\/jpeg","filesize":12356,"source_url":"https:\/\/feuerwehr-vglambrecht.de\/cms\/wp-content\/uploads\/2018\/08\/2191-144x144.jpg"},"landing_image":{"file":"2191-1024x460.jpg","width":1024,"height":460,"mime-type":"image\/jpeg","filesize":124809,"source_url":"https:\/\/feuerwehr-vglambrecht.de\/cms\/wp-content\/uploads\/2018\/08\/2191-1024x460.jpg"},"foundation-featured-image":{"file":"2191-900x600.jpg","width":900,"height":600,"mime-type":"image\/jpeg","filesize":142504,"source_url":"https:\/\/feuerwehr-vglambrecht.de\/cms\/wp-content\/uploads\/2018\/08\/2191-900x600.jpg"},"thumbnail":{"file":"2191-150x150.jpg","width":150,"height":150,"source_url":"https:\/\/feuerwehr-vglambrecht.de\/cms\/wp-content\/uploads\/2018\/08\/2191-150x150.jpg"},"medium":{"file":"2191-300x200.jpg","width":300,"height":200,"source_url":"https:\/\/feuerwehr-vglambrecht.de\/cms\/wp-content\/uploads\/2018\/08\/2191-300x200.jpg"},"large":{"file":"2191-1024x683.jpg","width":1024,"height":683,"source_url":"https:\/\/feuerwehr-vglambrecht.de\/cms\/wp-content\/uploads\/2018\/08\/2191-1024x683.jpg"}},"image_meta":{"aperture":"7.1","credit":"","camera":"Canon EOS 2000D","caption":"","created_timestamp":"1582971020","copyright":"","focal_length":"20","iso":"100","shutter_speed":"0.004","title":"","orientation":"1","keywords":[]},"image-converter":{"thumbnail":"IME","medium":"IME","large":"IME"}},"post":6946,"source_url":"https:\/\/feuerwehr-vglambrecht.de\/cms\/wp-content\/uploads\/2018\/08\/2191.jpg"},"einsatz_ort":"Kreisstra\u00dfe 23","einsatz_ende":"2022-08-07 12:15","einsatz_beginn":"","_links":{"self":[{"href":"https:\/\/feuerwehr-vglambrecht.de\/cms\/wp-json\/wp\/v2\/einsatz\/10747","targetHints":{"allow":["GET"]}}],"collection":[{"href":"https:\/\/feuerwehr-vglambrecht.de\/cms\/wp-json\/wp\/v2\/einsatz"}],"about":[{"href":"https:\/\/feuerwehr-vglambrecht.de\/cms\/wp-json\/wp\/v2\/types\/einsatz"}],"author":[{"embeddable":true,"href":"https:\/\/feuerwehr-vglambrecht.de\/cms\/wp-json\/wp\/v2\/users\/3"}],"version-history":[{"count":1,"href":"https:\/\/feuerwehr-vglambrecht.de\/cms\/wp-json\/wp\/v2\/einsatz\/10747\/revisions"}],"predecessor-version":[{"id":10748,"href":"https:\/\/feuerwehr-vglambrecht.de\/cms\/wp-json\/wp\/v2\/einsatz\/10747\/revisions\/10748"}],"wp:featuredmedia":[{"embeddable":true,"href":"https:\/\/feuerwehr-vglambrecht.de\/cms\/wp-json\/wp\/v2\/media\/9254"}],"wp:attachment":[{"href":"https:\/\/feuerwehr-vglambrecht.de\/cms\/wp-json\/wp\/v2\/media?parent=10747"}],"wp:term":[{"taxonomy":"category","embeddable":true,"href":"https:\/\/feuerwehr-vglambrecht.de\/cms\/wp-json\/wp\/v2\/categories?post=10747"},{"taxonomy":"post_tag","embeddable":true,"href":"https:\/\/feuerwehr-vglambrecht.de\/cms\/wp-json\/wp\/v2\/tags?post=10747"},{"taxonomy":"einsatzart","embeddable":true,"href":"https:\/\/feuerwehr-vglambrecht.de\/cms\/wp-json\/wp\/v2\/einsatzart?post=10747"},{"taxonomy":"fahrzeug","embeddable":true,"href":"https:\/\/feuerwehr-vglambrecht.de\/cms\/wp-json\/wp\/v2\/fahrzeug?post=10747"},{"taxonomy":"exteinsatzmittel","embeddable":true,"href":"https:\/\/feuerwehr-vglambrecht.de\/cms\/wp-json\/wp\/v2\/exteinsatzmittel?post=10747"},{"taxonomy":"alarmierungsart","embeddable":true,"href":"https:\/\/feuerwehr-vglambrecht.de\/cms\/wp-json\/wp\/v2\/alarmierungsart?post=10747"},{"taxonomy":"evw_unit","embeddable":true,"href":"https:\/\/feuerwehr-vglambrecht.de\/cms\/wp-json\/wp\/v2\/evw_unit?post=10747"}],"curies":[{"name":"wp","href":"https:\/\/api.w.org\/{rel}","templated":true}]}}

<p>Die Feuerwehr des Ausrückebereichs West der VG Lambrecht (FW Esthal, FW Frankeneck) wurde zu einer einfachen Hilfeleistung auf die K23 alarmiert. Gemeldet war ein Verkehrshindernis aus großen Baumteilen (&gt;10 cm Durchmesser) auf der Kreisstraße 23 zwischen Esthal und Esthal-Sattelmühle. Das Hindernis wurde entfernt sowie die Fahrbahn gereinigt. Während der Arbeiten war die Strecke kurzzeitig voll gesperrt.</p>

Kreisstraße 23
