{"id":10329,"date":"2022-03-10T11:50:00","date_gmt":"2022-03-10T10:50:00","guid":{"rendered":"https:\/\/feuerwehr-vglambrecht.de\/cms\/?post_type=einsatz&#038;p=10329"},"modified":"2022-03-11T11:09:50","modified_gmt":"2022-03-11T10:09:50","slug":"tuer-oeffnen-dringend-h2-01-16","status":"publish","type":"einsatz","link":"https:\/\/feuerwehr-vglambrecht.de\/cms\/einsatzberichte\/tuer-oeffnen-dringend-h2-01-16\/","title":{"rendered":"T\u00fcr \u00f6ffnen dringend (H2.01)"},"content":{"rendered":"<p><strong>T\u00fcr \u00f6ffnen dringend<\/strong><\/p>\n<p>Die Feuerwehren Frankeneck und Esthal wurden am 10. M\u00e4rz gegen 11:50 Uhr zu eine \u201eT\u00fcr \u00f6ffnen dringend\u201c in die Talstra\u00dfe in Frankeneck alarmiert.<!--more--><\/p>\n<p>Vor Ort trafen die Einsatzkr\u00e4fte auf den Rettungsdienst und weitere Mitbewohner des Hauses. Da auf mehrfaches klingeln und klopfen der Bewohner nicht reagierte wurde die Wohnungst\u00fcr durch die Feuerwehr ge\u00f6ffnet.<\/p>\n<p>Die Einsatzstelle wurde zur weiteren Vorgehensweise dem Rettungsdienst und der Polizei \u00fcbergeben.<\/p>\n<p><strong><u>\u00a0<\/u><\/strong><\/p>\n","protected":false},"author":5,"featured_media":9388,"template":"","meta":{"einsatz_weight":1,"footnotes":""},"categories":[6,70],"tags":[388,138,383,141,190,174],"einsatzart":[33],"fahrzeug":[307,44,45],"exteinsatzmittel":[12,13,299,30,31],"alarmierungsart":[10],"evw_unit":[],"class_list":["post-10329","einsatz","type-einsatz","status-publish","has-post-thumbnail","hentry","category-fw_esthal","category-fw_frankeneck","tag-ehrenamt","tag-esthal","tag-feuerwehrvglambrecht","tag-frankeneck","tag-technische-hilfe","tag-tueroeffnung","einsatzart-th","fahrzeug-307","fahrzeug-frankeneck-40","fahrzeug-frankeneck-73","exteinsatzmittel-fw_est","exteinsatzmittel-fw_fra","exteinsatzmittel-fez-neustadt","exteinsatzmittel-pol","exteinsatzmittel-drk","alarmierungsart-dme-digitaler-meldeempfaenger"],"better_featured_image":{"id":9388,"alt_text":"","caption":"","description":"","media_type":"image","media_details":{"width":310,"height":400,"file":"2021\/03\/admin-ajax.php_.png","filesize":176793,"sizes":{"wptouch-new-thumbnail":{"file":"admin-ajax.php_-144x144.png","width":144,"height":144,"mime-type":"image\/png","filesize":30607,"source_url":"https:\/\/feuerwehr-vglambrecht.de\/cms\/wp-content\/uploads\/2021\/03\/admin-ajax.php_-144x144.png"},"thumbnail":{"file":"admin-ajax.php_-150x150.png","width":150,"height":150,"source_url":"https:\/\/feuerwehr-vglambrecht.de\/cms\/wp-content\/uploads\/2021\/03\/admin-ajax.php_-150x150.png"},"medium":{"file":"admin-ajax.php_-233x300.png","width":233,"height":300,"source_url":"https:\/\/feuerwehr-vglambrecht.de\/cms\/wp-content\/uploads\/2021\/03\/admin-ajax.php_-233x300.png"}},"image_meta":{"aperture":"0","credit":"","camera":"","caption":"","created_timestamp":"0","copyright":"","focal_length":"0","iso":"0","shutter_speed":"0","title":"","orientation":"0","keywords":[]},"image-converter":{"thumbnail":"IME","medium":"IME"}},"post":9386,"source_url":"https:\/\/feuerwehr-vglambrecht.de\/cms\/wp-content\/uploads\/2021\/03\/admin-ajax.php_.png"},"einsatz_ort":"Talstra\u00dfe Frankeneck","einsatz_ende":"2022-03-10 12:20","einsatz_beginn":"","_links":{"self":[{"href":"https:\/\/feuerwehr-vglambrecht.de\/cms\/wp-json\/wp\/v2\/einsatz\/10329","targetHints":{"allow":["GET"]}}],"collection":[{"href":"https:\/\/feuerwehr-vglambrecht.de\/cms\/wp-json\/wp\/v2\/einsatz"}],"about":[{"href":"https:\/\/feuerwehr-vglambrecht.de\/cms\/wp-json\/wp\/v2\/types\/einsatz"}],"author":[{"embeddable":true,"href":"https:\/\/feuerwehr-vglambrecht.de\/cms\/wp-json\/wp\/v2\/users\/5"}],"version-history":[{"count":5,"href":"https:\/\/feuerwehr-vglambrecht.de\/cms\/wp-json\/wp\/v2\/einsatz\/10329\/revisions"}],"predecessor-version":[{"id":10334,"href":"https:\/\/feuerwehr-vglambrecht.de\/cms\/wp-json\/wp\/v2\/einsatz\/10329\/revisions\/10334"}],"wp:featuredmedia":[{"embeddable":true,"href":"https:\/\/feuerwehr-vglambrecht.de\/cms\/wp-json\/wp\/v2\/media\/9388"}],"wp:attachment":[{"href":"https:\/\/feuerwehr-vglambrecht.de\/cms\/wp-json\/wp\/v2\/media?parent=10329"}],"wp:term":[{"taxonomy":"category","embeddable":true,"href":"https:\/\/feuerwehr-vglambrecht.de\/cms\/wp-json\/wp\/v2\/categories?post=10329"},{"taxonomy":"post_tag","embeddable":true,"href":"https:\/\/feuerwehr-vglambrecht.de\/cms\/wp-json\/wp\/v2\/tags?post=10329"},{"taxonomy":"einsatzart","embeddable":true,"href":"https:\/\/feuerwehr-vglambrecht.de\/cms\/wp-json\/wp\/v2\/einsatzart?post=10329"},{"taxonomy":"fahrzeug","embeddable":true,"href":"https:\/\/feuerwehr-vglambrecht.de\/cms\/wp-json\/wp\/v2\/fahrzeug?post=10329"},{"taxonomy":"exteinsatzmittel","embeddable":true,"href":"https:\/\/feuerwehr-vglambrecht.de\/cms\/wp-json\/wp\/v2\/exteinsatzmittel?post=10329"},{"taxonomy":"alarmierungsart","embeddable":true,"href":"https:\/\/feuerwehr-vglambrecht.de\/cms\/wp-json\/wp\/v2\/alarmierungsart?post=10329"},{"taxonomy":"evw_unit","embeddable":true,"href":"https:\/\/feuerwehr-vglambrecht.de\/cms\/wp-json\/wp\/v2\/evw_unit?post=10329"}],"curies":[{"name":"wp","href":"https:\/\/api.w.org\/{rel}","templated":true}]}}

Tür öffnen dringend (H2.01)

<p><strong>Tür öffnen dringend</strong></p>
<p>Die Feuerwehren Frankeneck und Esthal wurden am 10. März gegen 11:50 Uhr zu eine „Tür öffnen dringend“ in die Talstraße in Frankeneck alarmiert.<!--more--></p>
<p>Vor Ort trafen die Einsatzkräfte auf den Rettungsdienst und weitere Mitbewohner des Hauses. Da auf mehrfaches klingeln und klopfen der Bewohner nicht reagierte wurde die Wohnungstür durch die Feuerwehr geöffnet.</p>
<p>Die Einsatzstelle wurde zur weiteren Vorgehensweise dem Rettungsdienst und der Polizei übergeben.</p>
<p><strong><u> </u></strong></p>

Talstraße Frankeneck
