{"id":10307,"date":"2022-03-08T20:58:00","date_gmt":"2022-03-08T19:58:00","guid":{"rendered":"https:\/\/feuerwehr-vglambrecht.de\/cms\/?post_type=einsatz&#038;p=10307"},"modified":"2022-03-09T12:02:00","modified_gmt":"2022-03-09T11:02:00","slug":"sicherung-auslaufende-betriebsstoffe-h1-0-grundstufe","status":"publish","type":"einsatz","link":"https:\/\/feuerwehr-vglambrecht.de\/cms\/einsatzberichte\/sicherung-auslaufende-betriebsstoffe-h1-0-grundstufe\/","title":{"rendered":"Sicherung &#8211; Auslaufende Betriebsstoffe (H1.0 Grundstufe)"},"content":{"rendered":"<p>Die Feuerwehr Esthal wurde bei dringenden Sicherungsma\u00dfnahmen aufgrund ausgelaufener Betriebsstoffe auf der K23 zwischen Esthal und Sattelm\u00fchle t\u00e4tig. Der unbekannte Verursacher hatte sich bereits von der Einsatzstelle entfernt ohne Sicherungsma\u00dfnahmen einzuleiten. Auf einer L\u00e4nge von mehr als 200 m kam es zu einer teilweise sehr starken Motor\u00f6lkontamination der Richtungsfahrbahn Esthal. Bis zum Eintreffen des Landesbetriebes Mobilit\u00e4t und der dann folgenden intensiven Streckenreinigung und Beschilderung, wurde die Einsatzstelle durch die Feuerwehr f\u00fcr den flie\u00dfenden Verkehr gesichert. F\u00fcr einen Zweiradfahrer h\u00e4tte das verantwortungslose Entfernen des Verursachers von der Unfallstelle schwerwiegende Unfallfolgen haben k\u00f6nnen.<\/p>\n\n<div class=\"ngg-galleryoverview\" id=\"ngg-gallery-348-10307\">\n\n\t<!-- Slideshow link -->\n\t<div class=\"slideshowlink\">\n\t\t<a class=\"slideshowlink\" href=\"https:\/\/feuerwehr-vglambrecht.de\/cms\/einsatzberichte\/sicherung-auslaufende-betriebsstoffe-h1-0-grundstufe\/nggallery\/slideshow\">\n\t\t\t[Show as slideshow]\t\t<\/a>\n\t<\/div>\n\n\t\n\t<!-- Thumbnails -->\n\t\t\n\t<div id=\"ngg-image-2045\" class=\"ngg-gallery-thumbnail-box\"  >\n\t\t<div class=\"ngg-gallery-thumbnail\" >\n\t\t\t<a href=\"https:\/\/feuerwehr-vglambrecht.de\/cms\/wp-content\/gallery\/k23-auslaufende-betriebsstoffe\/3eec9935-2b26-4b3d-95fa-a25ac4c7ff32.jpg\" title=\" \" class=\"shutterset_set_348\" >\n\t\t\t\t\t\t\t\t<img loading=\"lazy\" decoding=\"async\" title=\"3eec9935-2b26-4b3d-95fa-a25ac4c7ff32\" alt=\"3eec9935-2b26-4b3d-95fa-a25ac4c7ff32\" src=\"https:\/\/feuerwehr-vglambrecht.de\/cms\/wp-content\/gallery\/k23-auslaufende-betriebsstoffe\/thumbs\/thumbs_3eec9935-2b26-4b3d-95fa-a25ac4c7ff32.jpg\" width=\"100\" height=\"75\" \/>\n\t\t\t\t\t\t\t<\/a>\n\t\t<\/div>\n\t<\/div>\n\t\n\t\t\n \t\t\n\t<div id=\"ngg-image-2046\" class=\"ngg-gallery-thumbnail-box\"  >\n\t\t<div class=\"ngg-gallery-thumbnail\" >\n\t\t\t<a href=\"https:\/\/feuerwehr-vglambrecht.de\/cms\/wp-content\/gallery\/k23-auslaufende-betriebsstoffe\/94cc5ca2-9b4f-4943-9a55-81d831f11c09.jpg\" title=\" \" class=\"shutterset_set_348\" >\n\t\t\t\t\t\t\t\t<img loading=\"lazy\" decoding=\"async\" title=\"94cc5ca2-9b4f-4943-9a55-81d831f11c09\" alt=\"94cc5ca2-9b4f-4943-9a55-81d831f11c09\" src=\"https:\/\/feuerwehr-vglambrecht.de\/cms\/wp-content\/gallery\/k23-auslaufende-betriebsstoffe\/thumbs\/thumbs_94cc5ca2-9b4f-4943-9a55-81d831f11c09.jpg\" width=\"100\" height=\"75\" \/>\n\t\t\t\t\t\t\t<\/a>\n\t\t<\/div>\n\t<\/div>\n\t\n\t\t\n \t \t\n\t<!-- Pagination -->\n \t<div class='ngg-clear'><\/div>\n \t\n<\/div>\n\n\n","protected":false},"author":3,"featured_media":10310,"template":"","meta":{"einsatz_weight":1,"footnotes":""},"categories":[],"tags":[195,138,190],"einsatzart":[33],"fahrzeug":[350,43,307],"exteinsatzmittel":[12,299,433],"alarmierungsart":[10],"evw_unit":[],"class_list":["post-10307","einsatz","type-einsatz","status-publish","has-post-thumbnail","hentry","tag-auslaufende-betriebsstoffe","tag-esthal","tag-technische-hilfe","einsatzart-th","fahrzeug-esthal-19-2","fahrzeug-esthal19","fahrzeug-307","exteinsatzmittel-fw_est","exteinsatzmittel-fez-neustadt","exteinsatzmittel-lbm-landesbetrieb-mobilitaet","alarmierungsart-dme-digitaler-meldeempfaenger"],"better_featured_image":{"id":10310,"alt_text":"","caption":"","description":"","media_type":"image","media_details":{"width":2560,"height":1920,"file":"2022\/03\/1FCD5616-C19C-4551-BF4C-D5E81797FAE1-scaled.jpeg","filesize":705399,"sizes":{"medium_large":{"file":"1FCD5616-C19C-4551-BF4C-D5E81797FAE1-768x576.jpeg","width":768,"height":576,"mime-type":"image\/jpeg","filesize":76940,"source_url":"https:\/\/feuerwehr-vglambrecht.de\/cms\/wp-content\/uploads\/2022\/03\/1FCD5616-C19C-4551-BF4C-D5E81797FAE1-768x576.jpeg"},"1536x1536":{"file":"1FCD5616-C19C-4551-BF4C-D5E81797FAE1-1536x1152.jpeg","width":1536,"height":1152,"mime-type":"image\/jpeg","filesize":283222,"source_url":"https:\/\/feuerwehr-vglambrecht.de\/cms\/wp-content\/uploads\/2022\/03\/1FCD5616-C19C-4551-BF4C-D5E81797FAE1-1536x1152.jpeg"},"2048x2048":{"file":"1FCD5616-C19C-4551-BF4C-D5E81797FAE1-2048x1536.jpeg","width":2048,"height":1536,"mime-type":"image\/jpeg","filesize":477883,"source_url":"https:\/\/feuerwehr-vglambrecht.de\/cms\/wp-content\/uploads\/2022\/03\/1FCD5616-C19C-4551-BF4C-D5E81797FAE1-2048x1536.jpeg"},"wptouch-new-thumbnail":{"file":"1FCD5616-C19C-4551-BF4C-D5E81797FAE1-144x144.jpeg","width":144,"height":144,"mime-type":"image\/jpeg","filesize":12430,"source_url":"https:\/\/feuerwehr-vglambrecht.de\/cms\/wp-content\/uploads\/2022\/03\/1FCD5616-C19C-4551-BF4C-D5E81797FAE1-144x144.jpeg"},"landing_image":{"file":"1FCD5616-C19C-4551-BF4C-D5E81797FAE1-1024x460.jpeg","width":1024,"height":460,"mime-type":"image\/jpeg","filesize":78078,"source_url":"https:\/\/feuerwehr-vglambrecht.de\/cms\/wp-content\/uploads\/2022\/03\/1FCD5616-C19C-4551-BF4C-D5E81797FAE1-1024x460.jpeg"},"foundation-featured-image":{"file":"1FCD5616-C19C-4551-BF4C-D5E81797FAE1-900x675.jpeg","width":900,"height":675,"mime-type":"image\/jpeg","filesize":105022,"source_url":"https:\/\/feuerwehr-vglambrecht.de\/cms\/wp-content\/uploads\/2022\/03\/1FCD5616-C19C-4551-BF4C-D5E81797FAE1-900x675.jpeg"},"thumbnail":{"file":"1FCD5616-C19C-4551-BF4C-D5E81797FAE1-150x150.jpeg","width":150,"height":150,"source_url":"https:\/\/feuerwehr-vglambrecht.de\/cms\/wp-content\/uploads\/2022\/03\/1FCD5616-C19C-4551-BF4C-D5E81797FAE1-150x150.jpeg"},"medium":{"file":"1FCD5616-C19C-4551-BF4C-D5E81797FAE1-300x225.jpeg","width":300,"height":225,"source_url":"https:\/\/feuerwehr-vglambrecht.de\/cms\/wp-content\/uploads\/2022\/03\/1FCD5616-C19C-4551-BF4C-D5E81797FAE1-300x225.jpeg"},"large":{"file":"1FCD5616-C19C-4551-BF4C-D5E81797FAE1-1024x768.jpeg","width":1024,"height":768,"source_url":"https:\/\/feuerwehr-vglambrecht.de\/cms\/wp-content\/uploads\/2022\/03\/1FCD5616-C19C-4551-BF4C-D5E81797FAE1-1024x768.jpeg"}},"image_meta":{"aperture":"1.8","credit":"","camera":"iPhone 11","caption":"","created_timestamp":"1646776462","copyright":"","focal_length":"4.25","iso":"1250","shutter_speed":"0.058823529411765","title":"","orientation":1,"keywords":[]},"original_image":"1FCD5616-C19C-4551-BF4C-D5E81797FAE1.jpeg","image-converter":{"thumbnail":"IME","medium":"IME","large":"IME"}},"post":10307,"source_url":"https:\/\/feuerwehr-vglambrecht.de\/cms\/wp-content\/uploads\/2022\/03\/1FCD5616-C19C-4551-BF4C-D5E81797FAE1-scaled.jpeg"},"einsatz_ort":"Kreisstra\u00dfe 23","einsatz_ende":"2022-03-08 22:00","einsatz_beginn":"","_links":{"self":[{"href":"https:\/\/feuerwehr-vglambrecht.de\/cms\/wp-json\/wp\/v2\/einsatz\/10307","targetHints":{"allow":["GET"]}}],"collection":[{"href":"https:\/\/feuerwehr-vglambrecht.de\/cms\/wp-json\/wp\/v2\/einsatz"}],"about":[{"href":"https:\/\/feuerwehr-vglambrecht.de\/cms\/wp-json\/wp\/v2\/types\/einsatz"}],"author":[{"embeddable":true,"href":"https:\/\/feuerwehr-vglambrecht.de\/cms\/wp-json\/wp\/v2\/users\/3"}],"version-history":[{"count":2,"href":"https:\/\/feuerwehr-vglambrecht.de\/cms\/wp-json\/wp\/v2\/einsatz\/10307\/revisions"}],"predecessor-version":[{"id":10311,"href":"https:\/\/feuerwehr-vglambrecht.de\/cms\/wp-json\/wp\/v2\/einsatz\/10307\/revisions\/10311"}],"wp:featuredmedia":[{"embeddable":true,"href":"https:\/\/feuerwehr-vglambrecht.de\/cms\/wp-json\/wp\/v2\/media\/10310"}],"wp:attachment":[{"href":"https:\/\/feuerwehr-vglambrecht.de\/cms\/wp-json\/wp\/v2\/media?parent=10307"}],"wp:term":[{"taxonomy":"category","embeddable":true,"href":"https:\/\/feuerwehr-vglambrecht.de\/cms\/wp-json\/wp\/v2\/categories?post=10307"},{"taxonomy":"post_tag","embeddable":true,"href":"https:\/\/feuerwehr-vglambrecht.de\/cms\/wp-json\/wp\/v2\/tags?post=10307"},{"taxonomy":"einsatzart","embeddable":true,"href":"https:\/\/feuerwehr-vglambrecht.de\/cms\/wp-json\/wp\/v2\/einsatzart?post=10307"},{"taxonomy":"fahrzeug","embeddable":true,"href":"https:\/\/feuerwehr-vglambrecht.de\/cms\/wp-json\/wp\/v2\/fahrzeug?post=10307"},{"taxonomy":"exteinsatzmittel","embeddable":true,"href":"https:\/\/feuerwehr-vglambrecht.de\/cms\/wp-json\/wp\/v2\/exteinsatzmittel?post=10307"},{"taxonomy":"alarmierungsart","embeddable":true,"href":"https:\/\/feuerwehr-vglambrecht.de\/cms\/wp-json\/wp\/v2\/alarmierungsart?post=10307"},{"taxonomy":"evw_unit","embeddable":true,"href":"https:\/\/feuerwehr-vglambrecht.de\/cms\/wp-json\/wp\/v2\/evw_unit?post=10307"}],"curies":[{"name":"wp","href":"https:\/\/api.w.org\/{rel}","templated":true}]}}

<p>Die Feuerwehr Esthal wurde bei dringenden Sicherungsmaßnahmen aufgrund ausgelaufener Betriebsstoffe auf der K23 zwischen Esthal und Sattelmühle tätig. Der unbekannte Verursacher hatte sich bereits von der Einsatzstelle entfernt ohne Sicherungsmaßnahmen einzuleiten. Auf einer Länge von mehr als 200 m kam es zu einer teilweise sehr starken Motorölkontamination der Richtungsfahrbahn Esthal. Bis zum Eintreffen des Landesbetriebes Mobilität und der dann folgenden intensiven Streckenreinigung und Beschilderung, wurde die Einsatzstelle durch die Feuerwehr für den fließenden Verkehr gesichert. Für einen Zweiradfahrer hätte das verantwortungslose Entfernen des Verursachers von der Unfallstelle schwerwiegende Unfallfolgen haben können.</p>

<div class="ngg-galleryoverview" id="ngg-gallery-348-10307">

	<!-- Slideshow link -->
	<div class="slideshowlink">
		<a class="slideshowlink" href="https://feuerwehr-vglambrecht.de/cms/einsatzberichte/sicherung-auslaufende-betriebsstoffe-h1-0-grundstufe/nggallery/slideshow">
			[Show as slideshow]		</a>
	</div>

	
	<!-- Thumbnails -->
		
	<div id="ngg-image-2045" class="ngg-gallery-thumbnail-box"  >
		<div class="ngg-gallery-thumbnail" >
			<a href="https://feuerwehr-vglambrecht.de/cms/wp-content/gallery/k23-auslaufende-betriebsstoffe/3eec9935-2b26-4b3d-95fa-a25ac4c7ff32.jpg" title=" " class="shutterset_set_348" >
								<img loading="lazy" decoding="async" title="3eec9935-2b26-4b3d-95fa-a25ac4c7ff32" alt="3eec9935-2b26-4b3d-95fa-a25ac4c7ff32" src="https://feuerwehr-vglambrecht.de/cms/wp-content/gallery/k23-auslaufende-betriebsstoffe/thumbs/thumbs_3eec9935-2b26-4b3d-95fa-a25ac4c7ff32.jpg" width="100" height="75" />
							</a>
		</div>
	</div>
	
		
 		
	<div id="ngg-image-2046" class="ngg-gallery-thumbnail-box"  >
		<div class="ngg-gallery-thumbnail" >
			<a href="https://feuerwehr-vglambrecht.de/cms/wp-content/gallery/k23-auslaufende-betriebsstoffe/94cc5ca2-9b4f-4943-9a55-81d831f11c09.jpg" title=" " class="shutterset_set_348" >
								<img loading="lazy" decoding="async" title="94cc5ca2-9b4f-4943-9a55-81d831f11c09" alt="94cc5ca2-9b4f-4943-9a55-81d831f11c09" src="https://feuerwehr-vglambrecht.de/cms/wp-content/gallery/k23-auslaufende-betriebsstoffe/thumbs/thumbs_94cc5ca2-9b4f-4943-9a55-81d831f11c09.jpg" width="100" height="75" />
							</a>
		</div>
	</div>
	
		
 	 	
	<!-- Pagination -->
 	<div class='ngg-clear'></div>
 	
</div>

Kreisstraße 23
