{"id":10244,"date":"2022-02-15T20:33:00","date_gmt":"2022-02-15T19:33:00","guid":{"rendered":"https:\/\/feuerwehr-vglambrecht.de\/cms\/?post_type=einsatz&#038;p=10244"},"modified":"2022-02-16T13:47:55","modified_gmt":"2022-02-16T12:47:55","slug":"kaminbrand-b2-04-7","status":"publish","type":"einsatz","link":"https:\/\/feuerwehr-vglambrecht.de\/cms\/einsatzberichte\/kaminbrand-b2-04-7\/","title":{"rendered":"Kaminbrand (B2.04)"},"content":{"rendered":"<p><strong>Kaminbrand wegen defekter Heizungsanlage<\/strong><\/p>\n<p>Die Feuerwehren Esthal und Frankeneck wurden am 15.Februar 2022 um 20:33 Uhr zu einem Kaminbrand in die Stra\u00dfe Am Gleisberg in Esthal alarmiert.<!--more--><\/p>\n<p>Durch den Defekt einer Zentralheizungsanlage kam es zu einem Brand mit Ausbreitung in den angeschlossenen Kamin. Helfende Nachbarn konnten, noch vor dem Eintreffen der Feuerwehr, durch Abstellen der \u00d6lzufuhr den Brand eind\u00e4mmen. Ausger\u00fcstet mit schwerem Atemschutz ging ein Trupp der Feuerwehr Esthal in den Heizraum vor und kontrollierte mit einer W\u00e4rmebildkamera die \u00d6rtlichkeit und anschlie\u00dfend den ganzen Kamin auf eventuelle Glutnester. Die Heizungsanlage wurde durch die Feuerwehr au\u00dfer Betrieb genommen und der zust\u00e4ndige Schornsteinfeger wurde verst\u00e4ndigt. Wegen der starken Rauchausbreitung wurde das Geb\u00e4ude mit einem Hochleistungsl\u00fcfter bel\u00fcftet und mit einem Mehrgasmessger\u00e4t freigemessen.<\/p>\n<p>Die Bewohnerin des Hauses, die Rauchgase eingeatmet hatte, wurde dem Rettungsdienst \u00fcbergeben und untersucht und bis zum Eintreffen von Familienangeh\u00f6rigen durch die Feuerwehr betreut.<\/p>\n<p>Die Einsatzstelle wurde zur weiteren Vorgehensweise den Hauseigent\u00fcmern \u00fcbergeben.<\/p>\n<p>&nbsp;<\/p>\n","protected":false},"author":5,"featured_media":8571,"template":"","meta":{"einsatz_weight":1,"footnotes":""},"categories":[6],"tags":[180,138,383,373,216],"einsatzart":[7],"fahrzeug":[350,43,307,44],"exteinsatzmittel":[12,13,299,382,30,37,31],"alarmierungsart":[10],"evw_unit":[],"class_list":["post-10244","einsatz","type-einsatz","status-publish","has-post-thumbnail","hentry","category-fw_esthal","tag-brand","tag-esthal","tag-feuerwehrvglambrecht","tag-immerda","tag-kaminbrand","einsatzart-brand","fahrzeug-esthal-19-2","fahrzeug-esthal19","fahrzeug-307","fahrzeug-frankeneck-40","exteinsatzmittel-fw_est","exteinsatzmittel-fw_fra","exteinsatzmittel-fez-neustadt","exteinsatzmittel-first-responder-feuerwehr-vg-lambrecht","exteinsatzmittel-pol","exteinsatzmittel-fw_pre","exteinsatzmittel-drk","alarmierungsart-dme-digitaler-meldeempfaenger"],"better_featured_image":{"id":8571,"alt_text":"","caption":"","description":"","media_type":"image","media_details":{"width":2560,"height":1402,"file":"2020\/03\/IMG_9557-01-scaled.jpeg","filesize":671316,"sizes":{"medium_large":{"file":"IMG_9557-01-768x421.jpeg","width":768,"height":421,"mime-type":"image\/jpeg","filesize":83836,"source_url":"https:\/\/feuerwehr-vglambrecht.de\/cms\/wp-content\/uploads\/2020\/03\/IMG_9557-01-768x421.jpeg"},"1536x1536":{"file":"IMG_9557-01-1536x841.jpeg","width":1536,"height":841,"mime-type":"image\/jpeg","filesize":280211,"source_url":"https:\/\/feuerwehr-vglambrecht.de\/cms\/wp-content\/uploads\/2020\/03\/IMG_9557-01-1536x841.jpeg"},"2048x2048":{"file":"IMG_9557-01-2048x1121.jpeg","width":2048,"height":1121,"mime-type":"image\/jpeg","filesize":460001,"source_url":"https:\/\/feuerwehr-vglambrecht.de\/cms\/wp-content\/uploads\/2020\/03\/IMG_9557-01-2048x1121.jpeg"},"wptouch-new-thumbnail":{"file":"IMG_9557-01-144x144.jpeg","width":144,"height":144,"mime-type":"image\/jpeg","filesize":10067,"source_url":"https:\/\/feuerwehr-vglambrecht.de\/cms\/wp-content\/uploads\/2020\/03\/IMG_9557-01-144x144.jpeg"},"landing_image":{"file":"IMG_9557-01-1024x460.jpeg","width":1024,"height":460,"mime-type":"image\/jpeg","filesize":119783,"source_url":"https:\/\/feuerwehr-vglambrecht.de\/cms\/wp-content\/uploads\/2020\/03\/IMG_9557-01-1024x460.jpeg"},"foundation-featured-image":{"file":"IMG_9557-01-900x493.jpeg","width":900,"height":493,"mime-type":"image\/jpeg","filesize":110839,"source_url":"https:\/\/feuerwehr-vglambrecht.de\/cms\/wp-content\/uploads\/2020\/03\/IMG_9557-01-900x493.jpeg"},"thumbnail":{"file":"IMG_9557-01-150x150.jpeg","width":150,"height":150,"source_url":"https:\/\/feuerwehr-vglambrecht.de\/cms\/wp-content\/uploads\/2020\/03\/IMG_9557-01-150x150.jpeg"},"medium":{"file":"IMG_9557-01-300x164.jpeg","width":300,"height":164,"source_url":"https:\/\/feuerwehr-vglambrecht.de\/cms\/wp-content\/uploads\/2020\/03\/IMG_9557-01-300x164.jpeg"},"large":{"file":"IMG_9557-01-1024x561.jpeg","width":1024,"height":561,"source_url":"https:\/\/feuerwehr-vglambrecht.de\/cms\/wp-content\/uploads\/2020\/03\/IMG_9557-01-1024x561.jpeg"}},"image_meta":{"aperture":"5.6","credit":"","camera":"Canon EOS 2000D","caption":"","created_timestamp":"1582972471","copyright":"","focal_length":"18","iso":"100","shutter_speed":"0.0025","title":"","orientation":"1","keywords":[]},"original_image":"IMG_9557-01.jpeg","image-converter":{"thumbnail":"IME","medium":"IME","large":"IME"}},"post":913,"source_url":"https:\/\/feuerwehr-vglambrecht.de\/cms\/wp-content\/uploads\/2020\/03\/IMG_9557-01-scaled.jpeg"},"einsatz_ort":"Esthal","einsatz_ende":"2022-02-15 21:57","einsatz_beginn":"","_links":{"self":[{"href":"https:\/\/feuerwehr-vglambrecht.de\/cms\/wp-json\/wp\/v2\/einsatz\/10244","targetHints":{"allow":["GET"]}}],"collection":[{"href":"https:\/\/feuerwehr-vglambrecht.de\/cms\/wp-json\/wp\/v2\/einsatz"}],"about":[{"href":"https:\/\/feuerwehr-vglambrecht.de\/cms\/wp-json\/wp\/v2\/types\/einsatz"}],"author":[{"embeddable":true,"href":"https:\/\/feuerwehr-vglambrecht.de\/cms\/wp-json\/wp\/v2\/users\/5"}],"version-history":[{"count":5,"href":"https:\/\/feuerwehr-vglambrecht.de\/cms\/wp-json\/wp\/v2\/einsatz\/10244\/revisions"}],"predecessor-version":[{"id":10249,"href":"https:\/\/feuerwehr-vglambrecht.de\/cms\/wp-json\/wp\/v2\/einsatz\/10244\/revisions\/10249"}],"wp:featuredmedia":[{"embeddable":true,"href":"https:\/\/feuerwehr-vglambrecht.de\/cms\/wp-json\/wp\/v2\/media\/8571"}],"wp:attachment":[{"href":"https:\/\/feuerwehr-vglambrecht.de\/cms\/wp-json\/wp\/v2\/media?parent=10244"}],"wp:term":[{"taxonomy":"category","embeddable":true,"href":"https:\/\/feuerwehr-vglambrecht.de\/cms\/wp-json\/wp\/v2\/categories?post=10244"},{"taxonomy":"post_tag","embeddable":true,"href":"https:\/\/feuerwehr-vglambrecht.de\/cms\/wp-json\/wp\/v2\/tags?post=10244"},{"taxonomy":"einsatzart","embeddable":true,"href":"https:\/\/feuerwehr-vglambrecht.de\/cms\/wp-json\/wp\/v2\/einsatzart?post=10244"},{"taxonomy":"fahrzeug","embeddable":true,"href":"https:\/\/feuerwehr-vglambrecht.de\/cms\/wp-json\/wp\/v2\/fahrzeug?post=10244"},{"taxonomy":"exteinsatzmittel","embeddable":true,"href":"https:\/\/feuerwehr-vglambrecht.de\/cms\/wp-json\/wp\/v2\/exteinsatzmittel?post=10244"},{"taxonomy":"alarmierungsart","embeddable":true,"href":"https:\/\/feuerwehr-vglambrecht.de\/cms\/wp-json\/wp\/v2\/alarmierungsart?post=10244"},{"taxonomy":"evw_unit","embeddable":true,"href":"https:\/\/feuerwehr-vglambrecht.de\/cms\/wp-json\/wp\/v2\/evw_unit?post=10244"}],"curies":[{"name":"wp","href":"https:\/\/api.w.org\/{rel}","templated":true}]}}

<p><strong>Kaminbrand wegen defekter Heizungsanlage</strong></p>
<p>Die Feuerwehren Esthal und Frankeneck wurden am 15.Februar 2022 um 20:33 Uhr zu einem Kaminbrand in die Straße Am Gleisberg in Esthal alarmiert.<!--more--></p>
<p>Durch den Defekt einer Zentralheizungsanlage kam es zu einem Brand mit Ausbreitung in den angeschlossenen Kamin. Helfende Nachbarn konnten, noch vor dem Eintreffen der Feuerwehr, durch Abstellen der Ölzufuhr den Brand eindämmen. Ausgerüstet mit schwerem Atemschutz ging ein Trupp der Feuerwehr Esthal in den Heizraum vor und kontrollierte mit einer Wärmebildkamera die Örtlichkeit und anschließend den ganzen Kamin auf eventuelle Glutnester. Die Heizungsanlage wurde durch die Feuerwehr außer Betrieb genommen und der zuständige Schornsteinfeger wurde verständigt. Wegen der starken Rauchausbreitung wurde das Gebäude mit einem Hochleistungslüfter belüftet und mit einem Mehrgasmessgerät freigemessen.</p>
<p>Die Bewohnerin des Hauses, die Rauchgase eingeatmet hatte, wurde dem Rettungsdienst übergeben und untersucht und bis zum Eintreffen von Familienangehörigen durch die Feuerwehr betreut.</p>
<p>Die Einsatzstelle wurde zur weiteren Vorgehensweise den Hauseigentümern übergeben.</p>
<p>&nbsp;</p>
